{"id":3393,"date":"2022-12-01T13:57:16","date_gmt":"2022-12-01T10:57:16","guid":{"rendered":"https:\/\/bonjurkoy.com\/?page_id=3393"},"modified":"2025-10-07T11:16:56","modified_gmt":"2025-10-07T08:16:56","slug":"halloween-kostum-partisi","status":"publish","type":"page","link":"https:\/\/bonjurkoy.com\/index.php\/halloween-kostum-partisi\/","title":{"rendered":"Halloween Kost\u00fcm Partisi"},"content":{"rendered":"<p>[vc_row][vc_column css_animation=&#8221;none&#8221;][vc_btn title=&#8221;Rezervasyon&#8221; color=&#8221;orange&#8221; size=&#8221;lg&#8221; i_icon_fontawesome=&#8221;fas fa-share-square&#8221; css_animation=&#8221;fadeInRight&#8221; add_icon=&#8221;true&#8221; link=&#8221;url:https%3A%2F%2Fwww.biletimgo.com%2Fetkinlik%2Fbonjurkoy-halloween-festivali-2025-zombi-ormani-ve-cadi-gecesi-18870%3Frklm%3D50|title:Rezervasyon|target:_blank&#8221;][vc_column_text]Halloween partisine var m\u0131s\u0131n\u0131z?<\/p>\n<p>\u0130stanbul\u2019un hemen yan\u0131 ba\u015f\u0131nda, \u00d6merli g\u00f6l\u00fc yak\u0131n\u0131nda y\u00fcksek a\u011fa\u00e7lar ile kapl\u0131 bir k\u00f6y var! <a href=\"https:\/\/bonjurkoy.com\/index.php\/hakkimizda\/\">Bonjurk\u00f6y<\/a>. Bu k\u00f6y; \u00e7ocuklar\u0131n en \u00e7ok e\u011flendi\u011fi, keyif ald\u0131\u011f\u0131 ve k\u00f6y oyunlar\u0131 ile heyecanland\u0131\u011f\u0131 bir k\u00f6yd\u00fcr.<\/p>\n<p>Burada her sene \u0130stanbul\u2019un en b\u00fcy\u00fck <strong><a href=\"https:\/\/www.biletimgo.com\/etkinlik\/bonjurkoy-halloween-festivali-2025-zombi-ormani-ve-cadi-gecesi-18870?rklm=50\">Kids Halloween partisini<\/a><\/strong> yap\u0131yoruz.<\/p>\n<p><b>Halloween yani Cad\u0131lar Bayram\u0131<\/b>, her sene 31 Ekim&#8217;de<sup id=\"cite_ref-Britannica_1-0\" class=\"reference\"><\/sup><sup id=\"cite_ref-Oxford_2-0\" class=\"reference\"><\/sup> kutlanan, cad\u0131 korkusu ve inanc\u0131ndan \u00f6t\u00fcr\u00fc bat\u0131 k\u00fclt\u00fcr\u00fcnde ortaya \u00e7\u0131km\u0131\u015f, \u00e7ocuklar\u0131n genellikle korkun\u00e7 kost\u00fcmler giyerek kap\u0131 kap\u0131 dola\u015f\u0131p \u015fekerleme ve har\u00e7l\u0131k toplad\u0131\u011f\u0131 sonras\u0131nda partiler yapt\u0131\u011f\u0131 e\u011flenceli bir bayram haline gelmi\u015f, d\u00fcnyaya yay\u0131lmaya ba\u015flam\u0131\u015ft\u0131r. Halloween kutlamalar\u0131nda yap\u0131lan etkinlikler aras\u0131nda maskeli balolar, bal kaba\u011f\u0131ndan fener oyma, korku filmi seanslar\u0131 ve perili ev hikayesi uydurulmu\u015f evlere d\u00fczenlenen geziler say\u0131labilir.<\/p>\n<p>Biz de Bonjurk\u00f6y&#8217;de e\u011flence ama\u00e7l\u0131 olarak unutulmaz anlara ev sahipli\u011fi yapacak \u015fekilde bir Halloween partisi d\u00fczenliyor; korku, e\u011flence, yar\u0131\u015fma, g\u00f6steri ve s\u00fcrprizlerle dolu bir gece ge\u00e7irmenizi sa\u011fl\u0131yoruz.<\/p>\n<p>\u00d6zel sahne dekorlar\u0131, Orman i\u00e7inde labirent de bal kaba\u011f\u0131 yar\u0131\u015f\u0131nda zombiler ve iskeletler ile yar\u0131\u015fma, mekan\u0131 saran orman\u0131n i\u00e7inde a\u011fa\u00e7lardaki iskeletler ile cad\u0131lar, sihir Show , halloween ve DJ performans\u0131 yer ald\u0131\u011f\u0131 gecede bir \u00e7ok s\u00fcrprizler mevcut.<\/p>\n<p>\u201cEn \u0130yi Kost\u00fcm\u201d, \u201cEn Korkun\u00e7 Kost\u00fcm\u201d ve \u201cEn \u0130yi \u00c7ift\u201d dallar\u0131nda Kost\u00fcm Yar\u0131\u015fmas\u0131 d\u00fczenlenmekte ve kost\u00fcm\u00fcyle geceye kat\u0131lan misafirlerimiz biletleriyle birlikte s\u0131n\u0131rl\u0131 say\u0131da olacak \u015fekilde \u00e7ekili\u015fe kat\u0131lmaya hak kazanmaktad\u0131r. Yar\u0131\u015fmada dereceye giren misafirlerimize Bonjurk\u00f6y ekibi taraf\u0131ndan \u00e7e\u015fitli \u00f6d\u00fcller verilir. Partiye kat\u0131lan misafirlerimize makyajlar\u0131\u00a0 maky\u00f6zlerimiz taraf\u0131ndan \u00fccretsiz olarak yap\u0131lmaktad\u0131r. Do\u011fal malzemeler kullan\u0131larak yap\u0131lan y\u00fcz boyama ve makyajlar geceye renk katmaktad\u0131r.[\/vc_column_text]<div id=\"ultimate-video-121969e737abe07e0\" class=\"ult-video  ult-adjust-bottom-margin ultimate-video-121969e737abe07e0 ultv-4381 \"><div class=\"ultv-video ultv-aspect-ratio-16_9 ultv-subscribe-responsive-none\" data-videotype=\"uv_iframe\">\r\n\t\t\t\t\t\t<div class=\"ultv-video__outer-wrap\" data-autoplay=\"1\" data-device=\"false\"  data-iconbg=\"#3A3A3A\" data-overcolor=\"\" data-defaultbg=\"#1f1f1e\" data-defaultplay=\"defaulticon\"><div class=\"ultv-video__play\" data-src=\"https:\/\/www.youtube-nocookie.com\/embed\/9gaXV2zrH2A?autoplay=1&amp;rel=0&amp;start&amp;end&amp;controls=1&amp;mute=1&amp;modestbranding=1&amp;autoplay=1\">\r\n\t\t\t\t\t\t\t\t<img decoding=\"async\" class=\"ultv-video__thumb\" src=\"https:\/\/i.ytimg.com\/vi\/9gaXV2zrH2A\/maxresdefault.jpg\"\/>\r\n\t\t\t\t\t\t\t\t<div class=\"ultv-video__play-icon  ultv-animation-none\" style=\"width:75px\"><svg height=\"100%\" version=\"1.1\" viewBox=\"0 0 68 48\" width=\"100%\"><path class=\"ultv-youtube-icon-bg\" d=\"m .66,37.62 c 0,0 .66,4.70 2.70,6.77 2.58,2.71 5.98,2.63 7.49,2.91 5.43,.52 23.10,.68 23.12,.68 .00,-1.3e-5 14.29,-0.02 23.81,-0.71 1.32,-0.15 4.22,-0.17 6.81,-2.89 2.03,-2.07 2.70,-6.77 2.70,-6.77 0,0 .67,-5.52 .67,-11.04 l 0,-5.17 c 0,-5.52 -0.67,-11.04 -0.67,-11.04 0,0 -0.66,-4.70 -2.70,-6.77 C 62.03,.86 59.13,.84 57.80,.69 48.28,0 34.00,0 34.00,0 33.97,0 19.69,0 10.18,.69 8.85,.84 5.95,.86 3.36,3.58 1.32,5.65 .66,10.35 .66,10.35 c 0,0 -0.55,4.50 -0.66,9.45 l 0,8.36 c .10,4.94 .66,9.45 .66,9.45 z\" fill=\"#1f1f1e\" ><\/path><path d=\"m 26.96,13.67 18.37,9.62 -18.37,9.55 -0.00,-19.17 z\" fill=\"#fff\"><\/path><path d=\"M 45.02,23.46 45.32,23.28 26.96,13.67 43.32,22.34 45.02,23.46 z\" fill=\"#ccc\"><\/path><\/svg><\/div> <\/div> <\/div><\/div><\/div>[vc_gallery type=&#8221;image_grid&#8221; images=&#8221;3407,3408,3409,3410,3411,3412,3413&#8243; css=&#8221;.vc_custom_1669898997294{margin-left: 40px !important;}&#8221;][\/vc_column][\/vc_row]<\/p>\n","protected":false},"excerpt":{"rendered":"<p>[vc_row][vc_column css_animation=&#8221;none&#8221;][vc_btn title=&#8221;Rezervasyon&#8221; color=&#8221;orange&#8221; size=&#8221;lg&#8221; i_icon_fontawesome=&#8221;fas fa-share-square&#8221; css_animation=&#8221;fadeInRight&#8221; add_icon=&#8221;true&#8221; link=&#8221;url:https%3A%2F%2Fwww.biletimgo.com%2Fetkinlik%2Fbonjurkoy-halloween-festivali-2025-zombi-ormani-ve-cadi-gecesi-18870%3Frklm%3D50|title:Rezervasyon|target:_blank&#8221;][vc_column_text]Halloween partisine var m\u0131s\u0131n\u0131z? \u0130stanbul\u2019un hemen yan\u0131 ba\u015f\u0131nda, \u00d6merli g\u00f6l\u00fc yak\u0131n\u0131nda y\u00fcksek a\u011fa\u00e7lar ile kapl\u0131 bir k\u00f6y var! Bonjurk\u00f6y. Bu k\u00f6y; \u00e7ocuklar\u0131n en \u00e7ok e\u011flendi\u011fi, keyif ald\u0131\u011f\u0131 ve k\u00f6y oyunlar\u0131 ile heyecanland\u0131\u011f\u0131 bir k\u00f6yd\u00fcr. Burada her sene \u0130stanbul\u2019un en b\u00fcy\u00fck Kids Halloween partisini yap\u0131yoruz. Halloween yani<span class=\"screen-reader-text\"><a href=\"https:\/\/bonjurkoy.com\/index.php\/halloween-kostum-partisi\/\" rel=\"nofollow\">[&#8230;]<\/a><\/span><\/p>\n","protected":false},"author":2,"featured_media":5203,"parent":0,"menu_order":0,"comment_status":"closed","ping_status":"closed","template":"","meta":{"footnotes":""},"class_list":["post-3393","page","type-page","status-publish","has-post-thumbnail","hentry"],"acf":[],"yoast_head":"<!-- This site is optimized with the Yoast SEO plugin v19.11 - https:\/\/yoast.com\/wordpress\/plugins\/seo\/ -->\n<title>Halloween Kost\u00fcm Partisi - Bonjur K\u00f6y<\/title>\n<meta name=\"description\" content=\"Halloween | Bonjur K\u00f6y | Kahvalt\u0131 | \u00c7ocuk aktivitesi | K\u0131r d\u00fc\u011f\u00fcn\u00fc, do\u011fum g\u00fcn\u00fc | Binicilik | Safari | Kost\u00fcm partisi\" \/>\n<meta name=\"robots\" content=\"index, follow, max-snippet:-1, max-image-preview:large, max-video-preview:-1\" \/>\n<link rel=\"canonical\" href=\"https:\/\/bonjurkoy.com\/index.php\/halloween-kostum-partisi\/\" \/>\n<meta property=\"og:locale\" content=\"tr_TR\" \/>\n<meta property=\"og:type\" content=\"article\" \/>\n<meta property=\"og:title\" content=\"Halloween Kost\u00fcm Partisi - Bonjur K\u00f6y\" \/>\n<meta property=\"og:description\" content=\"Halloween | Bonjur K\u00f6y | Kahvalt\u0131 | \u00c7ocuk aktivitesi | K\u0131r d\u00fc\u011f\u00fcn\u00fc, do\u011fum g\u00fcn\u00fc | Binicilik | Safari | Kost\u00fcm partisi\" \/>\n<meta property=\"og:url\" content=\"https:\/\/bonjurkoy.com\/index.php\/halloween-kostum-partisi\/\" \/>\n<meta property=\"og:site_name\" content=\"Bonjur K\u00f6y\" \/>\n<meta property=\"article:publisher\" content=\"https:\/\/www.facebook.com\/bonjurkoy\" \/>\n<meta property=\"article:modified_time\" content=\"2025-10-07T08:16:56+00:00\" \/>\n<meta property=\"og:image\" content=\"https:\/\/bonjurkoy.com\/wp-content\/uploads\/2024\/10\/HalloweenBanner.jpeg\" \/>\n\t<meta property=\"og:image:width\" content=\"1600\" \/>\n\t<meta property=\"og:image:height\" content=\"128\" \/>\n\t<meta property=\"og:image:type\" content=\"image\/jpeg\" \/>\n<meta name=\"twitter:card\" content=\"summary_large_image\" \/>\n<meta name=\"twitter:label1\" content=\"Tahmini okuma s\u00fcresi\" \/>\n\t<meta name=\"twitter:data1\" content=\"2 dakika\" \/>\n<script type=\"application\/ld+json\" class=\"yoast-schema-graph\">{\"@context\":\"https:\/\/schema.org\",\"@graph\":[{\"@type\":\"WebPage\",\"@id\":\"https:\/\/bonjurkoy.com\/index.php\/halloween-kostum-partisi\/\",\"url\":\"https:\/\/bonjurkoy.com\/index.php\/halloween-kostum-partisi\/\",\"name\":\"Halloween Kost\u00fcm Partisi - Bonjur K\u00f6y\",\"isPartOf\":{\"@id\":\"https:\/\/bonjurkoy.com\/#website\"},\"datePublished\":\"2022-12-01T10:57:16+00:00\",\"dateModified\":\"2025-10-07T08:16:56+00:00\",\"description\":\"Halloween | Bonjur K\u00f6y | Kahvalt\u0131 | \u00c7ocuk aktivitesi | K\u0131r d\u00fc\u011f\u00fcn\u00fc, do\u011fum g\u00fcn\u00fc | Binicilik | Safari | Kost\u00fcm partisi\",\"breadcrumb\":{\"@id\":\"https:\/\/bonjurkoy.com\/index.php\/halloween-kostum-partisi\/#breadcrumb\"},\"inLanguage\":\"tr\",\"potentialAction\":[{\"@type\":\"ReadAction\",\"target\":[\"https:\/\/bonjurkoy.com\/index.php\/halloween-kostum-partisi\/\"]}]},{\"@type\":\"BreadcrumbList\",\"@id\":\"https:\/\/bonjurkoy.com\/index.php\/halloween-kostum-partisi\/#breadcrumb\",\"itemListElement\":[{\"@type\":\"ListItem\",\"position\":1,\"name\":\"Anasayfa\",\"item\":\"https:\/\/bonjurkoy.com\/\"},{\"@type\":\"ListItem\",\"position\":2,\"name\":\"Halloween Kost\u00fcm Partisi\"}]},{\"@type\":\"WebSite\",\"@id\":\"https:\/\/bonjurkoy.com\/#website\",\"url\":\"https:\/\/bonjurkoy.com\/\",\"name\":\"Bonjur K\u00f6y\",\"description\":\"\u00c7ocuk K\u00f6y\u00fc\",\"publisher\":{\"@id\":\"https:\/\/bonjurkoy.com\/#organization\"},\"alternateName\":\"BonjurK\u00f6y\",\"potentialAction\":[{\"@type\":\"SearchAction\",\"target\":{\"@type\":\"EntryPoint\",\"urlTemplate\":\"https:\/\/bonjurkoy.com\/?s={search_term_string}\"},\"query-input\":\"required name=search_term_string\"}],\"inLanguage\":\"tr\"},{\"@type\":\"Organization\",\"@id\":\"https:\/\/bonjurkoy.com\/#organization\",\"name\":\"Bonjur K\u00f6y\",\"alternateName\":\"BonjurK\u00f6y\",\"url\":\"https:\/\/bonjurkoy.com\/\",\"logo\":{\"@type\":\"ImageObject\",\"inLanguage\":\"tr\",\"@id\":\"https:\/\/bonjurkoy.com\/#\/schema\/logo\/image\/\",\"url\":\"https:\/\/i0.wp.com\/bonjurkoy.com\/wp-content\/uploads\/2022\/11\/Bonjur-Koy-logo.png?fit=3653%2C1633&ssl=1\",\"contentUrl\":\"https:\/\/i0.wp.com\/bonjurkoy.com\/wp-content\/uploads\/2022\/11\/Bonjur-Koy-logo.png?fit=3653%2C1633&ssl=1\",\"width\":3653,\"height\":1633,\"caption\":\"Bonjur K\u00f6y\"},\"image\":{\"@id\":\"https:\/\/bonjurkoy.com\/#\/schema\/logo\/image\/\"},\"sameAs\":[\"https:\/\/www.instagram.com\/bonjurkoy\/\",\"https:\/\/www.facebook.com\/bonjurkoy\"]}]}<\/script>\n<!-- \/ Yoast SEO plugin. -->","yoast_head_json":{"title":"Halloween Kost\u00fcm Partisi - Bonjur K\u00f6y","description":"Halloween | Bonjur K\u00f6y | Kahvalt\u0131 | \u00c7ocuk aktivitesi | K\u0131r d\u00fc\u011f\u00fcn\u00fc, do\u011fum g\u00fcn\u00fc | Binicilik | Safari | Kost\u00fcm partisi","robots":{"index":"index","follow":"follow","max-snippet":"max-snippet:-1","max-image-preview":"max-image-preview:large","max-video-preview":"max-video-preview:-1"},"canonical":"https:\/\/bonjurkoy.com\/index.php\/halloween-kostum-partisi\/","og_locale":"tr_TR","og_type":"article","og_title":"Halloween Kost\u00fcm Partisi - Bonjur K\u00f6y","og_description":"Halloween | Bonjur K\u00f6y | Kahvalt\u0131 | \u00c7ocuk aktivitesi | K\u0131r d\u00fc\u011f\u00fcn\u00fc, do\u011fum g\u00fcn\u00fc | Binicilik | Safari | Kost\u00fcm partisi","og_url":"https:\/\/bonjurkoy.com\/index.php\/halloween-kostum-partisi\/","og_site_name":"Bonjur K\u00f6y","article_publisher":"https:\/\/www.facebook.com\/bonjurkoy","article_modified_time":"2025-10-07T08:16:56+00:00","og_image":[{"width":1600,"height":128,"url":"https:\/\/bonjurkoy.com\/wp-content\/uploads\/2024\/10\/HalloweenBanner.jpeg","type":"image\/jpeg"}],"twitter_card":"summary_large_image","twitter_misc":{"Tahmini okuma s\u00fcresi":"2 dakika"},"schema":{"@context":"https:\/\/schema.org","@graph":[{"@type":"WebPage","@id":"https:\/\/bonjurkoy.com\/index.php\/halloween-kostum-partisi\/","url":"https:\/\/bonjurkoy.com\/index.php\/halloween-kostum-partisi\/","name":"Halloween Kost\u00fcm Partisi - Bonjur K\u00f6y","isPartOf":{"@id":"https:\/\/bonjurkoy.com\/#website"},"datePublished":"2022-12-01T10:57:16+00:00","dateModified":"2025-10-07T08:16:56+00:00","description":"Halloween | Bonjur K\u00f6y | Kahvalt\u0131 | \u00c7ocuk aktivitesi | K\u0131r d\u00fc\u011f\u00fcn\u00fc, do\u011fum g\u00fcn\u00fc | Binicilik | Safari | Kost\u00fcm partisi","breadcrumb":{"@id":"https:\/\/bonjurkoy.com\/index.php\/halloween-kostum-partisi\/#breadcrumb"},"inLanguage":"tr","potentialAction":[{"@type":"ReadAction","target":["https:\/\/bonjurkoy.com\/index.php\/halloween-kostum-partisi\/"]}]},{"@type":"BreadcrumbList","@id":"https:\/\/bonjurkoy.com\/index.php\/halloween-kostum-partisi\/#breadcrumb","itemListElement":[{"@type":"ListItem","position":1,"name":"Anasayfa","item":"https:\/\/bonjurkoy.com\/"},{"@type":"ListItem","position":2,"name":"Halloween Kost\u00fcm Partisi"}]},{"@type":"WebSite","@id":"https:\/\/bonjurkoy.com\/#website","url":"https:\/\/bonjurkoy.com\/","name":"Bonjur K\u00f6y","description":"\u00c7ocuk K\u00f6y\u00fc","publisher":{"@id":"https:\/\/bonjurkoy.com\/#organization"},"alternateName":"BonjurK\u00f6y","potentialAction":[{"@type":"SearchAction","target":{"@type":"EntryPoint","urlTemplate":"https:\/\/bonjurkoy.com\/?s={search_term_string}"},"query-input":"required name=search_term_string"}],"inLanguage":"tr"},{"@type":"Organization","@id":"https:\/\/bonjurkoy.com\/#organization","name":"Bonjur K\u00f6y","alternateName":"BonjurK\u00f6y","url":"https:\/\/bonjurkoy.com\/","logo":{"@type":"ImageObject","inLanguage":"tr","@id":"https:\/\/bonjurkoy.com\/#\/schema\/logo\/image\/","url":"https:\/\/i0.wp.com\/bonjurkoy.com\/wp-content\/uploads\/2022\/11\/Bonjur-Koy-logo.png?fit=3653%2C1633&ssl=1","contentUrl":"https:\/\/i0.wp.com\/bonjurkoy.com\/wp-content\/uploads\/2022\/11\/Bonjur-Koy-logo.png?fit=3653%2C1633&ssl=1","width":3653,"height":1633,"caption":"Bonjur K\u00f6y"},"image":{"@id":"https:\/\/bonjurkoy.com\/#\/schema\/logo\/image\/"},"sameAs":["https:\/\/www.instagram.com\/bonjurkoy\/","https:\/\/www.facebook.com\/bonjurkoy"]}]}},"_links":{"self":[{"href":"https:\/\/bonjurkoy.com\/index.php\/wp-json\/wp\/v2\/pages\/3393","targetHints":{"allow":["GET"]}}],"collection":[{"href":"https:\/\/bonjurkoy.com\/index.php\/wp-json\/wp\/v2\/pages"}],"about":[{"href":"https:\/\/bonjurkoy.com\/index.php\/wp-json\/wp\/v2\/types\/page"}],"author":[{"embeddable":true,"href":"https:\/\/bonjurkoy.com\/index.php\/wp-json\/wp\/v2\/users\/2"}],"replies":[{"embeddable":true,"href":"https:\/\/bonjurkoy.com\/index.php\/wp-json\/wp\/v2\/comments?post=3393"}],"version-history":[{"count":10,"href":"https:\/\/bonjurkoy.com\/index.php\/wp-json\/wp\/v2\/pages\/3393\/revisions"}],"predecessor-version":[{"id":6032,"href":"https:\/\/bonjurkoy.com\/index.php\/wp-json\/wp\/v2\/pages\/3393\/revisions\/6032"}],"wp:featuredmedia":[{"embeddable":true,"href":"https:\/\/bonjurkoy.com\/index.php\/wp-json\/wp\/v2\/media\/5203"}],"wp:attachment":[{"href":"https:\/\/bonjurkoy.com\/index.php\/wp-json\/wp\/v2\/media?parent=3393"}],"curies":[{"name":"wp","href":"https:\/\/api.w.org\/{rel}","templated":true}]}}