{"id":1375,"date":"2018-04-20T10:01:09","date_gmt":"2018-04-20T10:01:09","guid":{"rendered":"http:\/\/kanter.fidex.com.ua\/?page_id=1375"},"modified":"2025-01-02T16:37:37","modified_gmt":"2025-01-02T13:37:37","slug":"sik-sorulan-sorular","status":"publish","type":"page","link":"https:\/\/bonjurkoy.com\/index.php\/sik-sorulan-sorular\/","title":{"rendered":"S\u0131k Sorulan Sorular"},"content":{"rendered":"<p>[vc_section full_width=&#8221;stretch_row&#8221; css=&#8221;.vc_custom_1524218518532{padding-top: 150px !important;padding-bottom: 90px !important;background-image: url(https:\/\/kanter.fidex.com.ua\/wp-content\/uploads\/2018\/04\/robert-haverly-195709-unsplash.jpg?id=1238) !important;}&#8221;][vc_row][vc_column]<div style=\"margin:0 0 30px 0;\" class=\"heading-title  al-left\" id=\"alian4x_el_69dfdaf08540a\"><h3 style=\"color:#ffffff;\" class=\"al-headitg-title al-parallax\"><span class=\"span\"> S\u0131k Sorulan Sorular<\/span><\/h3><span  class=\"al-line-title\"><\/span><div style=\"color:#ffffff;\" class=\"al-subtitle\">A\u015fa\u011f\u0131da taraf\u0131m\u0131za s\u0131k\u00e7a sorulan sorulara dair yan\u0131tlar\u0131m\u0131z\u0131 inceleyebilirsiniz.<\/div><\/div>[\/vc_column][\/vc_row][\/vc_section][vc_section css=&#8221;.vc_custom_1524421569462{padding-top: 60px !important;padding-bottom: 60px !important;}&#8221;][vc_row][vc_column width=&#8221;1\/2&#8243; css=&#8221;.vc_custom_1524421563624{margin-top: 30px !important;}&#8221;]<div style=\"margin:0 0 30px 0;\" class=\"heading-title  al-left\" id=\"alian4x_el_69dfdaf085422\"><h5 style=\"\" class=\"al-headitg-title al-parallax\"><\/h5><div  class=\"al-subtitle\"><\/div><\/div>    <script type=\"text\/javascript\">\r\n        jQuery(document).ready( function() {\r\n            jQuery('#alian4x_el_69dfdaf085437:nth-child(1n)').accordion({\r\n\/\/                heightStyle: 'content',\r\n\/\/                active: true,\r\n\/\/                collapsible: false\r\n            });\r\n        });\r\n    <\/script>\r\n\r\n    <div class=\"accordion\" id=\"alian4x_el_69dfdaf085437\">\r\n        <h3><i class=\"far fa-hourglass\"><\/i>MESA\u0130 SAATLER\u0130M\u0130Z NED\u0130R?<\/h3><div><p>Tesisimiz pazartesi g\u00fcnleri kapal\u0131d\u0131r. Di\u011fer g\u00fcnlerde 10.00-18.00 saatleri aras\u0131nda a\u00e7\u0131kt\u0131r.<\/p><\/div><h3><i class=\"\"><\/i>RESTORAN B\u00d6L\u00dcM\u00dc H\u0130ZMETLER\u0130 NASILDIR?<\/h3><div><p>Restoran b\u00f6l\u00fcm\u00fcm\u00fcz Pazartesi g\u00fcnleri hari\u00e7 haftan\u0131n t\u00fcm g\u00fcnleri 10.00-20.00 saatleri aras\u0131nda hizmet vermektedir. Kahvalt\u0131 ``serpme kahvalt\u0131`` \u015feklinde verilmektedir. Ayr\u0131ca alakart usul\u00fc men\u00fcm\u00fczden yemek se\u00e7imi yoluyla da mutfa\u011f\u0131m\u0131z\u0131n lezzetlerinin tad\u0131na varabilirsiniz.<\/p><\/div><h3><i class=\"\"><\/i>TES\u0130S\u0130M\u0130ZDE P\u0130KN\u0130K YAPILAB\u0130L\u0130R M\u0130?<\/h3><div><p>Tesisimize d\u0131\u015far\u0131dan yiyecek ve i\u00e7ecek getirilmesine, restoran b\u00f6l\u00fcm\u00fcnde veya di\u011fer a\u00e7\u0131k alanlarda t\u00fcketilmesine, piknik veya mangal yap\u0131lmas\u0131na izin verilmemektedir.<\/p><\/div><h3><i class=\"\"><\/i>AT\u00d6LYELER B\u0130REYSEL KATILIM \u0130\u00c7\u0130N MEVCUT MU?<\/h3><div><p>Tesisimizde d\u00fczenlenen do\u011fa, \u00e7\u00f6mlek, ebru, ekoloji, tar\u0131m, gastronomi, masal, marangoz, foto\u011fraf\u00e7\u0131l\u0131k vb. at\u00f6lyeler \u00d6NCEDEN SAYI ALMAK yani rezervasyon yapmak suretiyle kat\u0131l\u0131m say\u0131s\u0131 ve istekler belirlenerek organize edilmektedir. Bu at\u00f6lyeler grup etkinli\u011fi olarak d\u00fczenlenmektedir, bireysel kat\u0131l\u0131ma a\u00e7\u0131k de\u011fildir.<\/p><\/div>    <\/div>\r\n\r\n    [\/vc_column][vc_column width=&#8221;1\/2&#8243; css=&#8221;.vc_custom_1524421557795{margin-top: 30px !important;}&#8221;]<div style=\"margin:0 0 30px 0;\" class=\"heading-title  al-left\" id=\"alian4x_el_69dfdaf0854d6\"><h5 style=\"\" class=\"al-headitg-title al-parallax\"><\/h5><div  class=\"al-subtitle\"><\/div><\/div>    <script type=\"text\/javascript\">\r\n        jQuery(document).ready( function() {\r\n            jQuery('#alian4x_el_69dfdaf0854dd:nth-child(1n)').accordion({\r\n\/\/                heightStyle: 'content',\r\n\/\/                active: true,\r\n\/\/                collapsible: false\r\n            });\r\n        });\r\n    <\/script>\r\n\r\n    <div class=\"accordion\" id=\"alian4x_el_69dfdaf0854dd\">\r\n        <h3><i class=\"fas fa-dollar-sign\"><\/i>NELERDEN \u00dcCRETS\u0130Z FAYDALANAB\u0130L\u0130R\u0130Z?<\/h3><div><p>Tesisimizde a\u015fa\u011f\u0131daki etkinlikler ve hizmetler \u00fccretsizdir.<\/p>\n<p>-Tesise giri\u015f ve otopark<br \/>\n-\u00c7ocuk oyun park\u0131 (kayd\u0131rak, sal\u0131ncak vb.)<br \/>\n-Hamaklar<br \/>\n-Yeti\u015fkin sal\u0131ncaklar<br \/>\n-Y\u00fcr\u00fcy\u00fc\u015f parkuru<br \/>\n-K\u00fcmes alan\u0131 (ke\u00e7i, tav\u015fan, at vb.)<br \/>\n-Paket etkinlikler alan\u0131na bilet al\u0131nm\u0131\u015fsa a\u011f parkuru (trambolinli top havuzu)<br \/>\n-Kahvalt\u0131 s\u0131ras\u0131nda \u00e7ay ve sebil su kullan\u0131m\u0131<br \/>\n-Animasyonlar<\/p><\/div><h3><i class=\"fas fa-dollar-sign\"><\/i>NELERDEN \u00dcCRETL\u0130 FAYDALANAB\u0130L\u0130R\u0130Z?<\/h3><div><p>Tesisimizde a\u015fa\u011f\u0131daki etkinlik ve hizmetler \u00fccretlidir.<\/p>\n<p>-Yiyecek ve i\u00e7ecekler: Kahvalt\u0131 s\u0131ras\u0131ndaki \u00e7ay ve sebilden su kullan\u0131m\u0131 hari\u00e7 hepsi \u00fccretlidir.<br \/>\n-Paket etkinlikler: Dev kayd\u0131rak, Fosil Av\u0131 ve Dinozorlar, Animasyon, Do\u011fa at\u00f6lyesi, Hazine av\u0131, Dev Jenga, Trambolin ve Labirent, Uzay y\u00fcr\u00fcy\u00fc\u015f\u00fc, Survivor parkuru oyunlar\u0131ndan olu\u015fan bir b\u00fct\u00fcnd\u00fcr. Bu oyunlar ayr\u0131\u015ft\u0131r\u0131lamaz. Tek tek sat\u0131lmaz. Aileler ve 4 ya\u015f alt\u0131 \u00e7ocuklar bu alana kabul edilmemektedir.<br \/>\n-Ah\u015fap boyama: Restoran bah\u00e7esinde yer al\u0131r. Pazar g\u00fcnleri mevcuttur.<br \/>\n-Okul etkinlikleri: Rezervasyon i\u00e7in arad\u0131\u011f\u0131n\u0131zda i\u00e7eriklere g\u00f6re fiyat\u0131 belirlenmektedir.<br \/>\n-Sinema gecesi etkinli\u011fi: Rezervasyon i\u00e7in arad\u0131\u011f\u0131n\u0131zda i\u00e7eriklere g\u00f6re fiyat\u0131 belirlenmektedir.<br \/>\n-D\u00fc\u011f\u00fcn, do\u011fum g\u00fcn\u00fc vb. organizasyonlar: Rezervasyon i\u00e7in arad\u0131\u011f\u0131n\u0131zda i\u00e7eriklere g\u00f6re fiyat\u0131 belirlenmektedir.<br \/>\n-Kamp, izcilik vb. etkinlikler: Rezervasyon i\u00e7in arad\u0131\u011f\u0131n\u0131zda i\u00e7eriklere g\u00f6re fiyat\u0131 belirlenmektedir.<\/p><\/div><h3><i class=\"\"><\/i>ETK\u0130NL\u0130K B\u0130LETLER\u0130N\u0130 NEREDEN ALAB\u0130L\u0130R\u0130M?<\/h3><div><p>Etkinlik biletlerini \u00f6deme ve bilet sistemi ``Paso`` internet platformundan veya direkt tesisimizde kasadan sat\u0131n alabilirsiniz.<br \/>\nToplu organizasyonlar i\u00e7in \u00f6nceden rezervasyon yap\u0131lmas\u0131, i\u00e7eriklerin belirlenmesi ve kaparo yat\u0131r\u0131lmas\u0131 gerekmektedir.<\/p><\/div>    <\/div>\r\n\r\n    [\/vc_column][\/vc_row][vc_row][vc_column][vc_column_text] S\u0131k sorulan sorular aras\u0131nda yer almas\u0131 gereken bir soru da Bonjurk\u00f6y&#8217;\u00fcn ne oldu\u011funu a\u00e7\u0131klamak olmal\u0131d\u0131r. Bir \u00e7ocuk k\u00f6y\u00fc olarak tasarlanan Bonjurk\u00f6y, Alemda\u011f \u015eile otoyolunda \u015eile\u2019ye do\u011fru ilerlerken \u00d6merli Karayollar\u0131 Denetim \u0130stasyonunu ge\u00e7ince hemen biraz yukar\u0131da do\u011fan\u0131n ye\u015filli\u011fini \u00e7a\u011fr\u0131\u015ft\u0131ran ye\u015fil tabelas\u0131 ile kar\u015f\u0131n\u0131za \u00e7\u0131kmaktad\u0131r.<\/p>\n<p>Bonjurk\u00f6y \u0130stanbul\u2019un kalabal\u0131\u011f\u0131ndan kendinizi ve \u00e7ocuklar\u0131n\u0131z\u0131 do\u011fan\u0131n kuca\u011f\u0131na, tertemiz orman havas\u0131na b\u0131rakabilmeniz i\u00e7in kurulmu\u015f bir mekand\u0131r. Burada yap\u0131lmakta olan etkinlikler profesyonel e\u011fitimcilerin deste\u011fi ile haz\u0131rlam\u0131\u015f, g\u00f6zetmen personelimiz e\u015fli\u011finde itina ile uygulanan faaliyetlerdir. Bu etkinliklere do\u011fa y\u00fcr\u00fcy\u00fc\u015f\u00fc, \u00e7ocuklar\u0131n gizli baz\u0131 \u00f6d\u00fclleri arayarak buldu\u011fu hazine adas\u0131, survivor alan\u0131, dev jenga, dev trombolin a\u011f, labirent, uzay y\u00fcr\u00fcy\u00fc\u015f\u00fc, at binme, ah\u015fap boyama, mini hayvanat bah\u00e7esi, zipline vb. \u00f6rnek verilebilecektir.<\/p>\n<p>Ormanlar\u0131 seven, do\u011fal ya\u015fama \u00f6nem veren bireyler ile \u00e7ocuklar\u0131n do\u011fan\u0131n hazz\u0131na varacaklar\u0131n\u0131 d\u00fc\u015f\u00fcn\u00fcyoruz. T\u00fcm etkinliklerimizi, 110 d\u00f6n\u00fcml\u00fck muhte\u015fem \u00d6merli PARK ORMAN tesisi i\u00e7inde yer alan \u00d6merli baraj g\u00f6l\u00fcne s\u0131n\u0131r, her biri 40-50 metre y\u00fcksekli\u011finde s\u0131k a\u011fa\u00e7lardan olu\u015fan orman ile \u00e7ok \u00f6zel bitki floras\u0131na sahip parkurlarda ger\u00e7ekle\u015ftiriyoruz.<\/p>\n<p>\u00c7ocuklar\u0131m\u0131z ile anne ve babalar\u0131 aras\u0131ndaki k\u00fclt\u00fcrel ge\u00e7i\u015fkenli\u011fi, do\u011fal ya\u015fam ortam\u0131nda birlikte e\u011flenerek sa\u011fl\u0131yoruz. \u00c7ocuklar e\u011flenerek \u00f6\u011frenmeyi \u00e7ok seviyor. Aileler i\u00e7in anne-\u00e7ocuk, baba-\u00e7ocuk \u00e7ad\u0131r kamplar\u0131, do\u011fada yoga, bitkilerin mucizesi ( fitoterapi ), do\u011fa y\u00fcr\u00fcy\u00fc\u015f parkuru, g\u00fcn boyu animasyon ve etkinliklerden olu\u015fan grup aktiviteleri sizleri beklemekte.<\/p>\n<p>\u0130stanbul\u2019a farkl\u0131 bir tat katt\u0131\u011f\u0131na inand\u0131\u011f\u0131m\u0131z i\u015fletmemize siz de\u011ferli misafirlerimizi her zaman bekler, \u00e7ocuklar\u0131n\u0131zla harika bir g\u00fcn ge\u00e7irece\u011finizin garantisini vermek isteriz.<\/p>\n<p>Haydi do\u011faya, haydi Bonjurk\u00f6y\u2019e\u2026<\/p>\n<p>S\u0131k sorulan sorular i\u00e7in yukar\u0131da verdi\u011fimiz cevaplar haricinde \u015fayet sorular\u0131n\u0131z veya almak istedi\u011finiz bir bilgi varsa <a href=\"https:\/\/bonjurkoy.com\/index.php\/iletisim\/\">bizimle ileti\u015fim kurunuz.<\/a>[\/vc_column_text][\/vc_column][\/vc_row][\/vc_section][vc_row][vc_column][vc_column_text]<\/p>\n<p><a href=\"https:\/\/www.google.com\/maps\/place\/BONJURK%C3%96Y\/@41.0909276,29.3771354,17z\/data=!3m1!4b1!4m5!3m4!1s0x409fd5a34cf6002f:0xe2f36595de46f42f!8m2!3d41.0909449!4d29.3793359?hl=tr-TR\"><img loading=\"lazy\" decoding=\"async\" class=\"aligncenter wp-image-3600 size-large\" src=\"https:\/\/bonjurkoy.com\/wp-content\/uploads\/2022\/12\/iletisim-1024x460.png\" alt=\"iletisim-bonjurk\u00f6y-s\u0131k sorulan sorular\" width=\"1024\" height=\"460\" srcset=\"https:\/\/bonjurkoy.com\/wp-content\/uploads\/2022\/12\/iletisim-1024x460.png 1024w, https:\/\/bonjurkoy.com\/wp-content\/uploads\/2022\/12\/iletisim-300x135.png 300w, https:\/\/bonjurkoy.com\/wp-content\/uploads\/2022\/12\/iletisim-768x345.png 768w, https:\/\/bonjurkoy.com\/wp-content\/uploads\/2022\/12\/iletisim-1536x690.png 1536w, https:\/\/bonjurkoy.com\/wp-content\/uploads\/2022\/12\/iletisim-500x225.png 500w, https:\/\/bonjurkoy.com\/wp-content\/uploads\/2022\/12\/iletisim-800x360.png 800w, https:\/\/bonjurkoy.com\/wp-content\/uploads\/2022\/12\/iletisim-1280x575.png 1280w, https:\/\/bonjurkoy.com\/wp-content\/uploads\/2022\/12\/iletisim-600x270.png 600w, https:\/\/bonjurkoy.com\/wp-content\/uploads\/2022\/12\/iletisim.png 1671w\" sizes=\"auto, (max-width: 1024px) 100vw, 1024px\" \/><\/a>[\/vc_column_text][\/vc_column][\/vc_row][vc_section full_width=&#8221;stretch_row&#8221; css=&#8221;.vc_custom_1524219127143{padding-top: 90px !important;padding-bottom: 90px !important;background-image: url(https:\/\/kanter.fidex.com.ua\/wp-content\/uploads\/2018\/04\/steve-johnson-596307-unsplash.jpg?id=1243) !important;}&#8221;][vc_row][vc_column]<div style=\"margin:0 0 40px 0;\" class=\"heading-title  al-center\" id=\"alian4x_el_69dfdaf085550\"><h4 style=\"color:#ffffff;\" class=\"al-headitg-title al-parallax\"><span class=\"span\">Ba\u015fka sorular\u0131n\u0131z m\u0131 var?<\/span><\/h4><div  class=\"al-subtitle\"><\/div><\/div>\n    <div style=\"\" class=\"buttons-section center\">\n        <a style=\"\" href=\"https:\/\/bonjurkoy.com\/index.php\/contact-2\/\" target =\"_self\" class=\"btn btn-blue\" id=\"alian4x_el_69dfdaf0855b6\">Bize ula\u015f\u0131n<\/a>    <\/div>\n\n    [\/vc_column][\/vc_row][\/vc_section]<\/p>\n","protected":false},"excerpt":{"rendered":"<p>[vc_section full_width=&#8221;stretch_row&#8221; css=&#8221;.vc_custom_1524218518532{padding-top: 150px !important;padding-bottom: 90px !important;background-image: url(https:\/\/kanter.fidex.com.ua\/wp-content\/uploads\/2018\/04\/robert-haverly-195709-unsplash.jpg?id=1238) !important;}&#8221;][vc_row][vc_column][\/vc_column][\/vc_row][\/vc_section][vc_section css=&#8221;.vc_custom_1524421569462{padding-top: 60px !important;padding-bottom: 60px !important;}&#8221;][vc_row][vc_column width=&#8221;1\/2&#8243; css=&#8221;.vc_custom_1524421563624{margin-top: 30px !important;}&#8221;][\/vc_column][vc_column width=&#8221;1\/2&#8243; css=&#8221;.vc_custom_1524421557795{margin-top: 30px !important;}&#8221;][\/vc_column][\/vc_row][vc_row][vc_column][vc_column_text] S\u0131k sorulan sorular aras\u0131nda yer almas\u0131 gereken bir soru da Bonjurk\u00f6y&#8217;\u00fcn ne oldu\u011funu a\u00e7\u0131klamak olmal\u0131d\u0131r. Bir \u00e7ocuk k\u00f6y\u00fc olarak tasarlanan Bonjurk\u00f6y, Alemda\u011f \u015eile otoyolunda \u015eile\u2019ye do\u011fru ilerlerken \u00d6merli Karayollar\u0131 Denetim \u0130stasyonunu ge\u00e7ince hemen<span class=\"screen-reader-text\"><a href=\"https:\/\/bonjurkoy.com\/index.php\/sik-sorulan-sorular\/\" rel=\"nofollow\">[&#8230;]<\/a><\/span><\/p>\n","protected":false},"author":1,"featured_media":0,"parent":0,"menu_order":0,"comment_status":"closed","ping_status":"closed","template":"page-builder.php","meta":{"footnotes":""},"class_list":["post-1375","page","type-page","status-publish","hentry"],"acf":[],"yoast_head":"<!-- This site is optimized with the Yoast SEO plugin v19.11 - https:\/\/yoast.com\/wordpress\/plugins\/seo\/ -->\n<title>S\u0131k Sorulan Sorular - Bonjur K\u00f6y<\/title>\n<meta name=\"description\" content=\"S\u0131k sorulan sorular | BonjurK\u00f6y | Kahvalt\u0131 | \u00c7ocuk aktivitesi | K\u0131r d\u00fc\u011f\u00fcn\u00fc, do\u011fum g\u00fcn\u00fc | Binicilik | Safari\" \/>\n<meta name=\"robots\" content=\"index, follow, max-snippet:-1, max-image-preview:large, max-video-preview:-1\" \/>\n<link rel=\"canonical\" href=\"https:\/\/bonjurkoy.com\/index.php\/sik-sorulan-sorular\/\" \/>\n<meta property=\"og:locale\" content=\"tr_TR\" \/>\n<meta property=\"og:type\" content=\"article\" \/>\n<meta property=\"og:title\" content=\"S\u0131k Sorulan Sorular - Bonjur K\u00f6y\" \/>\n<meta property=\"og:description\" content=\"S\u0131k sorulan sorular | BonjurK\u00f6y | Kahvalt\u0131 | \u00c7ocuk aktivitesi | K\u0131r d\u00fc\u011f\u00fcn\u00fc, do\u011fum g\u00fcn\u00fc | Binicilik | Safari\" \/>\n<meta property=\"og:url\" content=\"https:\/\/bonjurkoy.com\/index.php\/sik-sorulan-sorular\/\" \/>\n<meta property=\"og:site_name\" content=\"Bonjur K\u00f6y\" \/>\n<meta property=\"article:publisher\" content=\"https:\/\/www.facebook.com\/bonjurkoy\" \/>\n<meta property=\"article:modified_time\" content=\"2025-01-02T13:37:37+00:00\" \/>\n<meta property=\"og:image\" content=\"https:\/\/bonjurkoy.com\/wp-content\/uploads\/2022\/12\/iletisim-1024x460.png\" \/>\n<meta name=\"twitter:card\" content=\"summary_large_image\" \/>\n<meta name=\"twitter:label1\" content=\"Tahmini okuma s\u00fcresi\" \/>\n\t<meta name=\"twitter:data1\" content=\"5 dakika\" \/>\n<script type=\"application\/ld+json\" class=\"yoast-schema-graph\">{\"@context\":\"https:\/\/schema.org\",\"@graph\":[{\"@type\":\"WebPage\",\"@id\":\"https:\/\/bonjurkoy.com\/index.php\/sik-sorulan-sorular\/\",\"url\":\"https:\/\/bonjurkoy.com\/index.php\/sik-sorulan-sorular\/\",\"name\":\"S\u0131k Sorulan Sorular - Bonjur K\u00f6y\",\"isPartOf\":{\"@id\":\"https:\/\/bonjurkoy.com\/#website\"},\"datePublished\":\"2018-04-20T10:01:09+00:00\",\"dateModified\":\"2025-01-02T13:37:37+00:00\",\"description\":\"S\u0131k sorulan sorular | BonjurK\u00f6y | Kahvalt\u0131 | \u00c7ocuk aktivitesi | K\u0131r d\u00fc\u011f\u00fcn\u00fc, do\u011fum g\u00fcn\u00fc | Binicilik | Safari\",\"breadcrumb\":{\"@id\":\"https:\/\/bonjurkoy.com\/index.php\/sik-sorulan-sorular\/#breadcrumb\"},\"inLanguage\":\"tr\",\"potentialAction\":[{\"@type\":\"ReadAction\",\"target\":[\"https:\/\/bonjurkoy.com\/index.php\/sik-sorulan-sorular\/\"]}]},{\"@type\":\"BreadcrumbList\",\"@id\":\"https:\/\/bonjurkoy.com\/index.php\/sik-sorulan-sorular\/#breadcrumb\",\"itemListElement\":[{\"@type\":\"ListItem\",\"position\":1,\"name\":\"Anasayfa\",\"item\":\"https:\/\/bonjurkoy.com\/\"},{\"@type\":\"ListItem\",\"position\":2,\"name\":\"S\u0131k Sorulan Sorular\"}]},{\"@type\":\"WebSite\",\"@id\":\"https:\/\/bonjurkoy.com\/#website\",\"url\":\"https:\/\/bonjurkoy.com\/\",\"name\":\"Bonjur K\u00f6y\",\"description\":\"\u00c7ocuk K\u00f6y\u00fc\",\"publisher\":{\"@id\":\"https:\/\/bonjurkoy.com\/#organization\"},\"alternateName\":\"BonjurK\u00f6y\",\"potentialAction\":[{\"@type\":\"SearchAction\",\"target\":{\"@type\":\"EntryPoint\",\"urlTemplate\":\"https:\/\/bonjurkoy.com\/?s={search_term_string}\"},\"query-input\":\"required name=search_term_string\"}],\"inLanguage\":\"tr\"},{\"@type\":\"Organization\",\"@id\":\"https:\/\/bonjurkoy.com\/#organization\",\"name\":\"Bonjur K\u00f6y\",\"alternateName\":\"BonjurK\u00f6y\",\"url\":\"https:\/\/bonjurkoy.com\/\",\"logo\":{\"@type\":\"ImageObject\",\"inLanguage\":\"tr\",\"@id\":\"https:\/\/bonjurkoy.com\/#\/schema\/logo\/image\/\",\"url\":\"https:\/\/i0.wp.com\/bonjurkoy.com\/wp-content\/uploads\/2022\/11\/Bonjur-Koy-logo.png?fit=3653%2C1633&ssl=1\",\"contentUrl\":\"https:\/\/i0.wp.com\/bonjurkoy.com\/wp-content\/uploads\/2022\/11\/Bonjur-Koy-logo.png?fit=3653%2C1633&ssl=1\",\"width\":3653,\"height\":1633,\"caption\":\"Bonjur K\u00f6y\"},\"image\":{\"@id\":\"https:\/\/bonjurkoy.com\/#\/schema\/logo\/image\/\"},\"sameAs\":[\"https:\/\/www.instagram.com\/bonjurkoy\/\",\"https:\/\/www.facebook.com\/bonjurkoy\"]}]}<\/script>\n<!-- \/ Yoast SEO plugin. -->","yoast_head_json":{"title":"S\u0131k Sorulan Sorular - Bonjur K\u00f6y","description":"S\u0131k sorulan sorular | BonjurK\u00f6y | Kahvalt\u0131 | \u00c7ocuk aktivitesi | K\u0131r d\u00fc\u011f\u00fcn\u00fc, do\u011fum g\u00fcn\u00fc | Binicilik | Safari","robots":{"index":"index","follow":"follow","max-snippet":"max-snippet:-1","max-image-preview":"max-image-preview:large","max-video-preview":"max-video-preview:-1"},"canonical":"https:\/\/bonjurkoy.com\/index.php\/sik-sorulan-sorular\/","og_locale":"tr_TR","og_type":"article","og_title":"S\u0131k Sorulan Sorular - Bonjur K\u00f6y","og_description":"S\u0131k sorulan sorular | BonjurK\u00f6y | Kahvalt\u0131 | \u00c7ocuk aktivitesi | K\u0131r d\u00fc\u011f\u00fcn\u00fc, do\u011fum g\u00fcn\u00fc | Binicilik | Safari","og_url":"https:\/\/bonjurkoy.com\/index.php\/sik-sorulan-sorular\/","og_site_name":"Bonjur K\u00f6y","article_publisher":"https:\/\/www.facebook.com\/bonjurkoy","article_modified_time":"2025-01-02T13:37:37+00:00","og_image":[{"url":"https:\/\/bonjurkoy.com\/wp-content\/uploads\/2022\/12\/iletisim-1024x460.png"}],"twitter_card":"summary_large_image","twitter_misc":{"Tahmini okuma s\u00fcresi":"5 dakika"},"schema":{"@context":"https:\/\/schema.org","@graph":[{"@type":"WebPage","@id":"https:\/\/bonjurkoy.com\/index.php\/sik-sorulan-sorular\/","url":"https:\/\/bonjurkoy.com\/index.php\/sik-sorulan-sorular\/","name":"S\u0131k Sorulan Sorular - Bonjur K\u00f6y","isPartOf":{"@id":"https:\/\/bonjurkoy.com\/#website"},"datePublished":"2018-04-20T10:01:09+00:00","dateModified":"2025-01-02T13:37:37+00:00","description":"S\u0131k sorulan sorular | BonjurK\u00f6y | Kahvalt\u0131 | \u00c7ocuk aktivitesi | K\u0131r d\u00fc\u011f\u00fcn\u00fc, do\u011fum g\u00fcn\u00fc | Binicilik | Safari","breadcrumb":{"@id":"https:\/\/bonjurkoy.com\/index.php\/sik-sorulan-sorular\/#breadcrumb"},"inLanguage":"tr","potentialAction":[{"@type":"ReadAction","target":["https:\/\/bonjurkoy.com\/index.php\/sik-sorulan-sorular\/"]}]},{"@type":"BreadcrumbList","@id":"https:\/\/bonjurkoy.com\/index.php\/sik-sorulan-sorular\/#breadcrumb","itemListElement":[{"@type":"ListItem","position":1,"name":"Anasayfa","item":"https:\/\/bonjurkoy.com\/"},{"@type":"ListItem","position":2,"name":"S\u0131k Sorulan Sorular"}]},{"@type":"WebSite","@id":"https:\/\/bonjurkoy.com\/#website","url":"https:\/\/bonjurkoy.com\/","name":"Bonjur K\u00f6y","description":"\u00c7ocuk K\u00f6y\u00fc","publisher":{"@id":"https:\/\/bonjurkoy.com\/#organization"},"alternateName":"BonjurK\u00f6y","potentialAction":[{"@type":"SearchAction","target":{"@type":"EntryPoint","urlTemplate":"https:\/\/bonjurkoy.com\/?s={search_term_string}"},"query-input":"required name=search_term_string"}],"inLanguage":"tr"},{"@type":"Organization","@id":"https:\/\/bonjurkoy.com\/#organization","name":"Bonjur K\u00f6y","alternateName":"BonjurK\u00f6y","url":"https:\/\/bonjurkoy.com\/","logo":{"@type":"ImageObject","inLanguage":"tr","@id":"https:\/\/bonjurkoy.com\/#\/schema\/logo\/image\/","url":"https:\/\/i0.wp.com\/bonjurkoy.com\/wp-content\/uploads\/2022\/11\/Bonjur-Koy-logo.png?fit=3653%2C1633&ssl=1","contentUrl":"https:\/\/i0.wp.com\/bonjurkoy.com\/wp-content\/uploads\/2022\/11\/Bonjur-Koy-logo.png?fit=3653%2C1633&ssl=1","width":3653,"height":1633,"caption":"Bonjur K\u00f6y"},"image":{"@id":"https:\/\/bonjurkoy.com\/#\/schema\/logo\/image\/"},"sameAs":["https:\/\/www.instagram.com\/bonjurkoy\/","https:\/\/www.facebook.com\/bonjurkoy"]}]}},"_links":{"self":[{"href":"https:\/\/bonjurkoy.com\/index.php\/wp-json\/wp\/v2\/pages\/1375","targetHints":{"allow":["GET"]}}],"collection":[{"href":"https:\/\/bonjurkoy.com\/index.php\/wp-json\/wp\/v2\/pages"}],"about":[{"href":"https:\/\/bonjurkoy.com\/index.php\/wp-json\/wp\/v2\/types\/page"}],"author":[{"embeddable":true,"href":"https:\/\/bonjurkoy.com\/index.php\/wp-json\/wp\/v2\/users\/1"}],"replies":[{"embeddable":true,"href":"https:\/\/bonjurkoy.com\/index.php\/wp-json\/wp\/v2\/comments?post=1375"}],"version-history":[{"count":13,"href":"https:\/\/bonjurkoy.com\/index.php\/wp-json\/wp\/v2\/pages\/1375\/revisions"}],"predecessor-version":[{"id":5563,"href":"https:\/\/bonjurkoy.com\/index.php\/wp-json\/wp\/v2\/pages\/1375\/revisions\/5563"}],"wp:attachment":[{"href":"https:\/\/bonjurkoy.com\/index.php\/wp-json\/wp\/v2\/media?parent=1375"}],"curies":[{"name":"wp","href":"https:\/\/api.w.org\/{rel}","templated":true}]}}